-15570 = 22*f - 195*f. What is the greatest common divisor of v and f?
10
Let m be (-24)/(-10)*(2 - -28). Let f(c) = 32*c**3 + c**2 - 4*c + 2. Let n be f(1). Suppose n*v = 30*v + 9. What is the highest common factor of v and m?
9
Suppose 10*d + 98 = 248. Let i = d - -9. Calculate the highest common divisor of 168 and i.
24
Suppose 2*b = -b + 510. Let r be b + (-3 - -2 - 0). Let l = -109 + r. What is the greatest common factor of l and 40?
20
Suppose 0 = -2*v, -2*v - v = 3*k - 6. What is the greatest common divisor of 3 and k?
1
Let j(s) = 23 - 7*s**3 + 11*s**2 - 8 + 8*s**3 + 11*s. Let m be j(-10). Suppose 0 = m*z + 7 - 22. Calculate the highest common divisor of z and 3.
3
Let c be (5 + -11 - -57)*25/15. What is the highest common divisor of c and 10?
5
Suppose -3*d = -5*v - 171 - 803, d + 2*v = 332. What is the greatest common factor of 8 and d?
8
Suppose -5*u = 3*v - 133, 105 = 12*u - 8*u + v. Calculate the highest common divisor of u and 4602.
26
Let i = 341 - 233. Calculate the highest common divisor of 135 and i.
27
Suppose -m + 3 = 3*y - 12, 9 = 4*m - 5*y. What is the highest common divisor of 318 and m?
6
Let k = -9 + 9. Suppose s + 5*m = 16 + 14, -4*m = k. Suppose -18 = f - s. Calculate the greatest common factor of f and 12.
12
Let x = 50 + -23. Suppose 5*f + 2 = h - 10, 0 = -4*h - f + x. Calculate the highest common factor of h and 49.
7
Suppose -4*s - 2*h = -268 - 6, 2*h - 70 = -s. Calculate the highest common factor of s and 4.
4
Suppose z = -8*w + w + 34, 4*z - 322 = 3*w. Let j be 2056/18 - 4/18. What is the highest common factor of z and j?
38
Suppose 18*u = 412 + 20. What is the highest common factor of u and 42?
6
Let g = 541 - 352. Let p = 277 - g. Calculate the highest common divisor of 11 and p.
11
Let v = -10 - -2. Let x be 4/2 + 22 + v. Suppose 412 - 92 = 5*i. Calculate the highest common divisor of i and x.
16
Let g(o) = o**2 + 5*o - 18. Let m be g(-20). Suppose 0 = -3*h + 408 + m. What is the greatest common factor of h and 10?
10
Let w be (2*-1)/((-5)/((-2025)/(-10))). Suppose -3*p + w = -27. Calculate the highest common factor of p and 90.
18
Suppose -4*o + 4 = -4. Suppose 0 = -5*z - o*h + 39 + 65, -5*z + h = -113. Suppose -23*k = -2558 + 28. What is the greatest common factor of z and k?
22
Let c be 7*7/147*552. Calculate the highest common factor of c and 23.
23
Suppose -3*v = -v - 120. Suppose 22*k - 783 = 207. What is the highest common divisor of v and k?
15
Suppose 3*s + 0*c = -c - 73, -3*s - 69 = -3*c. Let v = 29 - s. What is the greatest common factor of 424 and v?
53
Let a = -87 + 177. Let q = -44 + a. What is the highest common factor of 69 and q?
23
Suppose -7*r - 284 = -c, -2*c = -61*r + 58*r - 601. Let q be (-1 - -184)/((-3)/(-2)). Calculate the highest common factor of q and c.
61
Let h = 283 - 175. What is the greatest common factor of h and 12?
12
Let n(x) = 6*x**3 - 6*x**2. Let j(o) = -2*o**3 + 2*o**2. Let h(c) = -8*j(c) - 3*n(c). Let k be h(-2). What is the greatest common factor of 12 and k?
12
Let l(t) = -18*t + 16. Let y be l(-1). What is the highest common factor of y and 527?
17
Let f = -5 - -16. Let n = 41 - f. Calculate the highest common factor of n and 50.
10
Let c be (-7)/(-4 - 254/(-64)). Calculate the highest common factor of 32 and c.
32
Let c be (-4)/(-6) + 210/9. Let p = 12 - 17. Let y(u) = u**3 + 10*u**2 + 16*u + 3. Let a be y(p). What is the greatest common divisor of c and a?
24
Suppose c + 4*c - 145 = 0. Calculate the highest common divisor of 87 and c.
29
Suppose -c - 4 = -13. Let u = 79 - 16. What is the greatest common factor of u and c?
9
Suppose -4*l + 4*b = 12, l - 3*b + 13 = 2*l. Suppose -2 = -t + l. Suppose -t*h - 10 = -58. Calculate the greatest common factor of 32 and h.
16
Let w be ((-55)/(-2))/(20/200). Let n = 5 - 0. Suppose n*j - 83 = 42. Calculate the greatest common factor of w and j.
25
Let x be 686/10 + 1*20/50. What is the greatest common divisor of x and 3?
3
Suppose -a = 3*v + 2, 37*v - a = 33*v + 9. What is the highest common factor of 2 and v?
1
Let f = 811 - 792. Calculate the greatest common divisor of 19 and f.
19
Let a be (0 - (-8)/20)/(18/495). Calculate the highest common factor of a and 319.
11
Let o(g) = -4*g - 30. Let l be (-15)/10*8/6. Let s = l + -12. Let c be o(s). What is the highest common factor of c and 13?
13
Suppose 0 = 5*t - 4*c - 191, -6*t + 3*t - c = -101. Calculate the greatest common factor of t and 14.
7
Let i(n) = 46*n - 58. Let k be i(19). Calculate the highest common factor of k and 48.
48
Let h(o) = -o**3 - 10*o**2 - 7*o + 31. Let m be h(-9). What is the highest common factor of m and 416?
13
Let l be (-1)/(4/(-20))*9. Let k be (-3)/(-9) + l/27. What is the greatest common factor of k and 16?
2
Let q = -731 + 732. What is the highest common factor of 193 and q?
1
Let m = -149 - -146. Let o = 1 + 1. Let t = o - m. Calculate the highest common factor of t and 25.
5
Suppose -5*z = -36 - 24. Suppose 3*w + z = -18. Let a(n) = n**2 + 4*n - 5. Let i be a(w). Calculate the highest common factor of 22 and i.
11
Let y(t) = 9*t - 57. Let g be y(43). What is the highest common divisor of g and 45?
15
Let s(b) = -3*b + 4. Let l be s(-6). Let n = -42 - -45. Suppose 5*v = 3*k + 1 + 13, 0 = n*k - 4*v + 10. Calculate the highest common divisor of l and k.
2
Let q = -329 + 395. What is the highest common divisor of 6 and q?
6
Suppose 0*a + 4*k = -a + 49, 5*k - 215 = -5*a. Let x = a + -35. Calculate the greatest common divisor of x and 24.
6
Suppose 5*y + 5*b - 105 = 0, -5*y = b - 0*b - 89. Calculate the highest common divisor of y and 476.
17
Suppose 3*n + 3*g + 39 = 0, -4*n - 16 = 2*g + 36. Let c = -3 + n. Let u = 27 + c. What is the greatest common divisor of u and 121?
11
Let o be (-6)/33 + (-678)/22. Let r = o + 55. Suppose 264 = 3*a - r. Calculate the greatest common factor of 12 and a.
12
Let f = 4697 - 3069. Calculate the highest common divisor of 44 and f.
44
Suppose -56*w + 484 = -52*w + 4*t, 605 = 5*w - 5*t. Calculate the greatest common divisor of w and 55.
11
Let c(f) = -5*f - 29. Let s be c(-10). Let m = -8 + s. What is the greatest common divisor of m and 91?
13
Let y be 2 + 1 + 2 + 22 + 2. What is the greatest common factor of y and 319?
29
Let d(z) = 4*z + 1. Let b be d(5). Calculate the greatest common divisor of 14 and b.
7
Suppose -3*a + a = -4*c + 140, a - 134 = -4*c. Let d be (3 - c/10)/(2/(-220)). What is the greatest common divisor of 66 and d?
22
Suppose -3*l + 173 = -4*j, -3*j + 4 + 8 = 0. Suppose -4*m = 16*m - 5760. Suppose -3*s + m = l. Calculate the greatest common divisor of s and 30.
15
Let x(v) = 2*v**3 + 19*v**2 + 7*v - 4. Let h be x(-8). Let n = h - 66. Calculate the greatest common factor of 6 and n.
6
Let v(j) = -1 - 7*j + 8*j**2 + 4 + 3*j. Let f be v(1). Calculate the greatest common factor of f and 63.
7
Let b = 36 + -33. Suppose -4*l = 3*p - 289, -b*p + 6*l + 295 = 7*l. What is the greatest common divisor of p and 11?
11
Suppose 8*m - 27 - 549 = 0. Calculate the highest common factor of 360 and m.
72
Suppose 0 = -3*b - 6, 3*b = -0*u - 3*u + 3. Suppose -u*g + 0*g = 120. Let l be 1/(3 + 118/g). What is the highest common factor of l and 8?
4
Suppose -12*b = -10*b - 990. What is the greatest common factor of b and 55?
55
Let p(o) = 61 - 6*o**2 + o + 5*o - o**3 - 66. Let n be p(-7). What is the greatest common factor of 8 and n?
2
Suppose 5 = -10*k + 2285. What is the highest common divisor of k and 180?
12
Let o(v) be the first derivative of -5*v**2 + 10*v - 11. Let y be o(-6). What is the greatest common factor of y and 28?
14
Suppose -m + 5*g + 114 = 9*g, -3*m - 4*g + 326 = 0. What is the highest common divisor of m and 583?
53
Suppose 202 = 7*d - 869. What is the highest common factor of 27 and d?
9
Let n(s) = 5*s**2 - 4*s + 4. Let f be n(2). Suppose -4*p = 5*k - f, 2*p - 6*k + 3*k = 30. What is the highest common divisor of p and 117?
9
Let p = 0 - -7. Let k = 40 - p. What is the greatest common factor of 363 and k?
33
Suppose 4*s - 8 - 4 = 0. Suppose 9*l = s*l + 96. What is the highest common factor of 176 and l?
16
Let z = -36 - 8. Let l = -24 - z. Suppose 0 = 5*m - 10, 2*w - 4*m - 32 = w. What is the highest common factor of w and l?
20
Let h be 8/36 + 79/9. Suppose 4*s - 2*s - 111 = 5*u, 4*u = -s + 75. 